{"id":2,"date":"2020-10-07T20:25:31","date_gmt":"2020-10-07T20:25:31","guid":{"rendered":"https:\/\/ummomusic.com\/?page_id=2"},"modified":"2021-08-24T22:42:25","modified_gmt":"2021-08-24T22:42:25","slug":"ummo-musique","status":"publish","type":"page","link":"https:\/\/ummomusic.com\/","title":{"rendered":"Bienvenue sur UMMO MUSIC !"},"content":{"rendered":"\r\n<p>Afin contribuer\u00a0\u00e0 la reconnaissance des exocivilisations, nous avons d\u00e9cid\u00e9 de nous lancer dans une exp\u00e9rience artistique musicale. Celle-ci est le fruit de nos rencontres avec toutes nos diff\u00e9rences de sensibilit\u00e9s, de parcours, de culture, avec la m\u00eame volont\u00e9 de cr\u00e9er un univers de chansons original et novateur.<\/p>\r\n\r\n\r\n\r\n<p>UMMO MUSIC vous fait partager avec plaisir ses cr\u00e9ations,\u00a0 les \u00e9motions et la joie qu\u2019apportent ces nouvelles connaissances sur le monde qui nous entoure.\u00a0Nos\u00a0chansons sont parsem\u00e9es de mots d\u2019un langage venu d\u2019ailleurs\u2026<\/p>\r\n\r\n\r\n\r\n<p>Ce parcours musical est aussi une invitation au jeu de piste du langage de UMMO. Pour vous aider vous pourrez consulter le Dictionnaire Oummain.<\/p>\r\n\r\n\r\n\r\n<p>Notre groupe musical \u00ab UMMO MUSIC \u00bb vous en souhaite une bonne et agr\u00e9able \u00e9coute !<\/p>\r\n\r\n\r\n\r\n<p><em>PS: contrairement a certaines musiques commerciales, nos cr\u00e9ations ne comportent aucun message subliminal auditif.<\/em><\/p>\r\n\r\n\r\n\r\n<p>Pour \u00ab UMMO MUSIC \u00ae \u00a9 \u2013 tous droits internationaux r\u00e9serv\u00e9s \u00bb<\/p>\r\n\r\n\r\n\r\n<p>D. R. DENOCLA<\/p>\r\n<p><img loading=\"lazy\" decoding=\"async\" class=\"alignnone size-full wp-image-196\" src=\"https:\/\/ummomusic.com\/wp-content\/uploads\/2021\/08\/signature-denocla.png\" alt=\"\" width=\"249\" height=\"130\" \/><\/p>\r\n<p><a href=\"http:\/\/www.denocla.com\" target=\"_blank\" rel=\"noopener\">http:\/\/www.denocla.com\u00a0<\/a>\u00a0 \u00a0 \u00a0 \u00a0 \u00a0 \u00a0 \u00a0 \u00a0 \u00a0 \u00a0 \u00a0 \u00a0 \u00a0 \u00a0 \u00a0 \u00a0 \u00a0 \u00a0\u00a0<\/p>\r\n<p style=\"text-align: right;\">\u00a0<\/p>\r\n<p>&nbsp;<\/p>\r\n","protected":false},"excerpt":{"rendered":"<p>Afin contribuer\u00a0\u00e0 la reconnaissance des exocivilisations, nous avons d\u00e9cid\u00e9 de nous lancer dans une exp\u00e9rience artistique musicale. Celle-ci est le fruit de nos rencontres avec toutes nos diff\u00e9rences de sensibilit\u00e9s, de parcours, de culture, avec la m\u00eame volont\u00e9 de cr\u00e9er un univers de chansons original et novateur. UMMO MUSIC vous fait partager avec plaisir ses [&hellip;]<\/p>\n","protected":false},"author":1,"featured_media":0,"parent":0,"menu_order":0,"comment_status":"closed","ping_status":"closed","template":"","meta":{"footnotes":""},"class_list":["post-2","page","type-page","status-publish","hentry"],"_links":{"self":[{"href":"https:\/\/ummomusic.com\/index.php?rest_route=\/wp\/v2\/pages\/2","targetHints":{"allow":["GET"]}}],"collection":[{"href":"https:\/\/ummomusic.com\/index.php?rest_route=\/wp\/v2\/pages"}],"about":[{"href":"https:\/\/ummomusic.com\/index.php?rest_route=\/wp\/v2\/types\/page"}],"author":[{"embeddable":true,"href":"https:\/\/ummomusic.com\/index.php?rest_route=\/wp\/v2\/users\/1"}],"replies":[{"embeddable":true,"href":"https:\/\/ummomusic.com\/index.php?rest_route=%2Fwp%2Fv2%2Fcomments&post=2"}],"version-history":[{"count":7,"href":"https:\/\/ummomusic.com\/index.php?rest_route=\/wp\/v2\/pages\/2\/revisions"}],"predecessor-version":[{"id":197,"href":"https:\/\/ummomusic.com\/index.php?rest_route=\/wp\/v2\/pages\/2\/revisions\/197"}],"wp:attachment":[{"href":"https:\/\/ummomusic.com\/index.php?rest_route=%2Fwp%2Fv2%2Fmedia&parent=2"}],"curies":[{"name":"wp","href":"https:\/\/api.w.org\/{rel}","templated":true}]}}